{"id":198,"date":"2020-09-13T15:29:36","date_gmt":"2020-09-13T13:29:36","guid":{"rendered":"https:\/\/avocatcolmant.be\/?page_id=198"},"modified":"2020-09-16T11:29:59","modified_gmt":"2020-09-16T09:29:59","slug":"tarifs","status":"publish","type":"page","link":"https:\/\/avocatcolmant.be\/?page_id=198","title":{"rendered":"Tarifs"},"content":{"rendered":"\t\t<div data-elementor-type=\"wp-page\" data-elementor-id=\"198\" class=\"elementor elementor-198\">\n\t\t\t\t\t\t<section class=\"elementor-section elementor-top-section elementor-element elementor-element-404cd784 elementor-section-boxed elementor-section-height-default elementor-section-height-default\" data-id=\"404cd784\" data-element_type=\"section\">\n\t\t\t\t\t\t<div class=\"elementor-container elementor-column-gap-default\">\n\t\t\t\t\t<div class=\"elementor-column elementor-col-100 elementor-top-column elementor-element elementor-element-7683eb68\" data-id=\"7683eb68\" data-element_type=\"column\">\n\t\t\t<div class=\"elementor-widget-wrap elementor-element-populated\">\n\t\t\t\t\t\t<div class=\"elementor-element elementor-element-61d49101 elementor-widget elementor-widget-text-editor\" data-id=\"61d49101\" data-element_type=\"widget\" data-widget_type=\"text-editor.default\">\n\t\t\t\t<div class=\"elementor-widget-container\">\n\t\t\t\t\t\t\t<h6>Tarifs \/ Honoraires<\/h6><div>\u00a0<\/div><p style=\"margin: 0cm 0cm 15pt; font-size: 12pt; background-image: initial; background-position: initial; background-size: initial; background-repeat: initial; background-attachment: initial; background-origin: initial; background-clip: initial; font-family: 'Times New Roman', serif; color: #000000; text-align: justify;\"><span lang=\"FR-BE\" style=\"font-size: 10pt; font-family: Verdana, sans-serif;\">Conform\u00e9ment aux lois et aux divers r\u00e8glements du Barreau, nous calculons nos honoraires en optant soit pour un mode de r\u00e9mun\u00e9ration horaire, soit pour une r\u00e9mun\u00e9ration forfaitaire avec une \u00e9ventuelle adaptation de l\u2019honoraire en fonction du r\u00e9sultat obtenu.<\/span><\/p><p style=\"margin: 0cm 0cm 15pt; font-size: 12pt; background-image: initial; background-position: initial; background-size: initial; background-repeat: initial; background-attachment: initial; background-origin: initial; background-clip: initial; font-family: 'Times New Roman', serif; color: #000000; text-align: justify;\"><span lang=\"FR-BE\" style=\"font-size: 10pt; font-family: Verdana, sans-serif;\">Nous informons \u00e9galement nos clients du mode de calcul des honoraires r\u00e9clam\u00e9s d\u00e8s l\u2019ouverture du dossier.<\/span><\/p><p style=\"margin: 0cm 0cm 15pt; font-size: 12pt; background-image: initial; background-position: initial; background-size: initial; background-repeat: initial; background-attachment: initial; background-origin: initial; background-clip: initial; font-family: 'Times New Roman', serif; color: #000000; text-align: justify;\"><span lang=\"FR-BE\" style=\"font-size: 10pt; font-family: Verdana, sans-serif;\">Le montant des honoraires tient notamment compte de l\u2019importance et de la complexit\u00e9 du litige, des devoirs accomplis, de la hauteur des int\u00e9r\u00eats en jeu, de la sp\u00e9cialisation des mati\u00e8res trait\u00e9es, de l\u2019urgence de l\u2019intervention et du r\u00e9sultat obtenu.<\/span><\/p><p style=\"margin: 0cm 0cm 15pt; font-size: 12pt; background-image: initial; background-position: initial; background-size: initial; background-repeat: initial; background-attachment: initial; background-origin: initial; background-clip: initial; font-family: 'Times New Roman', serif; color: #000000; text-align: justify;\"><span lang=\"FR-BE\" style=\"font-size: 10pt; font-family: Verdana, sans-serif;\">Afin de couvrir partiellement les frais engendr\u00e9s par le traitement du litige, nous r\u00e9clamons r\u00e9guli\u00e8rement des provisions au cours de la gestion du dossier et tenons nos clients inform\u00e9s de l\u2019\u00e9valuation du calcul des honoraires en fonction de l\u2019avancement du dossier.<\/span><\/p><p style=\"margin: 0cm 0cm 15pt; font-size: 12pt; background-image: initial; background-position: initial; background-size: initial; background-repeat: initial; background-attachment: initial; background-origin: initial; background-clip: initial; font-family: 'Times New Roman', serif; color: #000000; text-align: justify;\"><span lang=\"FR-BE\" style=\"font-size: 10pt; font-family: Verdana, sans-serif;\">Notre \u00e9tat final distingue les honoraires qui r\u00e9mun\u00e8rent les prestations intellectuelles accomplies par l\u2019avocat, des frais et d\u00e9bours administratifs ou judiciaires (secr\u00e9tariat, huissier, droit de greffe, \u2026).<\/span><\/p><table style=\"margin-right: 4.8pt; margin-left: 4.8pt; width: 680px; border: none;\" border=\"1\" width=\"567\" cellspacing=\"0\" cellpadding=\"0\" align=\"left\"><tbody><tr style=\"height: 12.75pt;\"><td style=\"border-width: 1pt; border-color: windowtext; padding: 0cm 5.4pt; width: 299pt; height: 12.75pt;\" valign=\"top\" width=\"399\"><p style=\"margin: 0cm; font-size: 10pt; font-family: 'Times New Roman', serif; text-align: justify;\"><span lang=\"FR-BE\" style=\"font-family: Verdana, sans-serif;\">Ouverture du dossier:<\/span><\/p><\/td><td style=\"border-top-width: 1pt; border-top-color: windowtext; border-right-width: 1pt; border-right-color: windowtext; border-bottom-width: 1pt; border-bottom-color: windowtext; border-left: none; padding: 0cm 5.4pt; width: 126pt; height: 12.75pt;\" valign=\"top\" width=\"168\"><p style=\"margin: 0cm; font-size: 10pt; font-family: 'Times New Roman', serif; text-align: justify;\"><span lang=\"FR-BE\" style=\"font-family: Verdana, sans-serif;\">50,00 \u20ac\/instance<\/span><\/p><\/td><\/tr><tr style=\"height: 12.75pt;\"><td style=\"border-top: none; border-right-width: 1pt; border-right-color: windowtext; border-bottom-width: 1pt; border-bottom-color: windowtext; border-left-width: 1pt; border-left-color: windowtext; padding: 0cm 5.4pt; width: 299pt; height: 12.75pt;\" valign=\"top\" width=\"399\"><p style=\"margin: 0cm; font-size: 10pt; font-family: 'Times New Roman', serif; text-align: justify;\"><span lang=\"FR-BE\" style=\"font-family: Verdana, sans-serif;\">Correspondances, dactylographies, mails, actes de proc\u00e9dure (par unit\u00e9 de page)\u00a0:<\/span><\/p><\/td><td style=\"border-top: none; border-right-width: 1pt; border-right-color: windowtext; border-bottom-width: 1pt; border-bottom-color: windowtext; border-left: none; padding: 0cm 5.4pt; width: 126pt; height: 12.75pt;\" valign=\"top\" width=\"168\"><p style=\"margin: 0cm; font-size: 10pt; font-family: 'Times New Roman', serif; text-align: justify;\"><span lang=\"FR-BE\" style=\"font-family: Verdana, sans-serif;\">10,00 \u20ac<\/span><\/p><\/td><\/tr><tr style=\"height: 12.75pt;\"><td style=\"border-top: none; border-right-width: 1pt; border-right-color: windowtext; border-bottom-width: 1pt; border-bottom-color: windowtext; border-left-width: 1pt; border-left-color: windowtext; padding: 0cm 5.4pt; width: 299pt; height: 12.75pt;\" valign=\"top\" width=\"399\"><p style=\"margin: 0cm; font-size: 10pt; font-family: 'Times New Roman', serif; text-align: justify;\"><span lang=\"FR-BE\" style=\"font-family: Verdana, sans-serif;\">T\u00e9l\u00e9phone (forfait)<\/span><\/p><\/td><td style=\"border-top: none; border-right-width: 1pt; border-right-color: windowtext; border-bottom-width: 1pt; border-bottom-color: windowtext; border-left: none; padding: 0cm 5.4pt; width: 126pt; height: 12.75pt;\" valign=\"top\" width=\"168\"><p style=\"margin: 0cm; font-size: 10pt; font-family: 'Times New Roman', serif; text-align: justify;\"><span lang=\"FR-BE\" style=\"font-family: Verdana, sans-serif;\">10,00 \u20ac\/an<\/span><\/p><\/td><\/tr><tr style=\"height: 12.75pt;\"><td style=\"border-top: none; border-right-width: 1pt; border-right-color: windowtext; border-bottom-width: 1pt; border-bottom-color: windowtext; border-left-width: 1pt; border-left-color: windowtext; padding: 0cm 5.4pt; width: 299pt; height: 12.75pt;\" valign=\"top\" width=\"399\"><p style=\"margin: 0cm; font-size: 10pt; font-family: 'Times New Roman', serif; text-align: justify;\"><span lang=\"FR-BE\" style=\"font-family: Verdana, sans-serif;\">Transmis (par unit\u00e9)\u00a0:<\/span><\/p><\/td><td style=\"border-top: none; border-right-width: 1pt; border-right-color: windowtext; border-bottom-width: 1pt; border-bottom-color: windowtext; border-left: none; padding: 0cm 5.4pt; width: 126pt; height: 12.75pt;\" valign=\"top\" width=\"168\"><p style=\"margin: 0cm; font-size: 10pt; font-family: 'Times New Roman', serif; text-align: justify;\"><span lang=\"FR-BE\" style=\"font-family: Verdana, sans-serif;\">2,00 \u20ac<\/span><\/p><\/td><\/tr><tr style=\"height: 12.75pt;\"><td style=\"border-top: none; border-right-width: 1pt; border-right-color: windowtext; border-bottom-width: 1pt; border-bottom-color: windowtext; border-left-width: 1pt; border-left-color: windowtext; padding: 0cm 5.4pt; width: 299pt; height: 12.75pt;\" valign=\"top\" width=\"399\"><p style=\"margin: 0cm; font-size: 10pt; font-family: 'Times New Roman', serif; text-align: justify;\"><span lang=\"FR-BE\" style=\"font-family: Verdana, sans-serif;\">D\u00e9placements\u00a0:\u00a0\u00a0\u00a0\u00a0\u00a0\u00a0 1) Par km parcouru\u00a0:<\/span><\/p><\/td><td style=\"border-top: none; border-right-width: 1pt; border-right-color: windowtext; border-bottom-width: 1pt; border-bottom-color: windowtext; border-left: none; padding: 0cm 5.4pt; width: 126pt; height: 12.75pt;\" valign=\"top\" width=\"168\"><p style=\"margin: 0cm; font-size: 10pt; font-family: 'Times New Roman', serif; text-align: justify;\"><span lang=\"FR-BE\" style=\"font-family: Verdana, sans-serif;\">0,50 \u20ac<\/span><\/p><\/td><\/tr><tr style=\"height: 13.85pt;\"><td style=\"border-top: none; border-right-width: 1pt; border-right-color: windowtext; border-bottom-width: 1pt; border-bottom-color: windowtext; border-left-width: 1pt; border-left-color: windowtext; padding: 0cm 5.4pt; width: 299pt; height: 13.85pt;\" valign=\"top\" width=\"399\"><p style=\"margin: 0cm; font-size: 10pt; font-family: 'Times New Roman', serif; text-align: justify;\"><span lang=\"FR-BE\" style=\"font-family: Verdana, sans-serif;\">\u00a0\u00a0\u00a0\u00a0\u00a0\u00a0\u00a0\u00a0\u00a0\u00a0\u00a0\u00a0\u00a0\u00a0\u00a0\u00a0\u00a0\u00a0\u00a0\u00a0\u00a0\u00a0\u00a0\u00a0\u00a0\u00a0 Et\u00a0 2) Par heure pass\u00e9e\u00a0:<\/span><\/p><\/td><td style=\"border-top: none; border-right-width: 1pt; border-right-color: windowtext; border-bottom-width: 1pt; border-bottom-color: windowtext; border-left: none; padding: 0cm 5.4pt; width: 126pt; height: 13.85pt;\" valign=\"top\" width=\"168\"><p style=\"margin: 0cm; font-size: 10pt; font-family: 'Times New Roman', serif; text-align: justify;\"><span lang=\"FR-BE\" style=\"font-family: Verdana, sans-serif;\">50,00 \u20ac<\/span><\/p><\/td><\/tr><\/tbody><\/table><p style=\"margin: 0cm 0cm 15pt; font-size: 12pt; background-image: initial; background-position: initial; background-size: initial; background-repeat: initial; background-attachment: initial; background-origin: initial; background-clip: initial; font-family: 'Times New Roman', serif; color: #000000; text-align: justify;\"><span lang=\"FR-BE\" style=\"font-size: 10pt; font-family: Verdana, sans-serif;\">En ce qui concerne les frais administratifs, ceux-ci sont actuellement comptabilis\u00e9s comme suit\u00a0:<\/span><\/p><p style=\"margin: 0cm; font-size: 10pt; font-family: 'Times New Roman', serif; color: #000000; text-align: justify;\"><span lang=\"FR-BE\" style=\"font-family: Verdana, sans-serif;\">Ces frais administratifs sont \u00e9videmment distincts des honoraires et s&rsquo;ajoutent \u00e0 ceux-ci.<\/span><\/p><p style=\"margin: 0cm; font-size: 10pt; font-family: 'Times New Roman', serif; color: #000000; text-align: justify;\"><span lang=\"FR-BE\" style=\"font-family: Verdana, sans-serif;\">\u00a0<\/span><\/p><p style=\"margin: 0cm; font-size: 10pt; font-family: 'Times New Roman', serif; color: #000000; text-align: justify;\"><span lang=\"FR-BE\" style=\"font-family: Verdana, sans-serif;\">Les frais administratifs sont en outre augment\u00e9s des frais g\u00e9n\u00e9raux de fonctionnement du cabinet (loyer, assurance, s\u00e9minaires, documentation juridique,), forfaitairement fix\u00e9s \u00e0 10 % du montant total des frais administratifs.\u00a0<\/span><\/p><p style=\"margin: 0cm; font-size: 10pt; font-family: 'Times New Roman', serif; color: #000000; text-align: justify;\"><span lang=\"FR-BE\" style=\"font-family: Verdana, sans-serif;\">\u00a0<\/span><\/p><p style=\"margin: 0cm; font-size: 10pt; font-family: 'Times New Roman', serif; color: #000000; text-align: justify;\"><span lang=\"FR-BE\" style=\"font-family: Verdana, sans-serif;\">Enfin, les frais comprennent \u00e9galement les frais de justice \u00e9ventuels (huissier, administration communale, droits divers, recommand\u00e9s\u2026) qui sont eux comptabilis\u00e9s au prix co\u00fbtant.<\/span><\/p><p style=\"margin: 0cm; font-size: 10pt; font-family: 'Times New Roman', serif; color: #000000; text-align: justify;\"><span lang=\"FR-BE\" style=\"font-family: Verdana, sans-serif;\">\u00a0<\/span><\/p><p style=\"margin: 0cm; font-size: 10pt; font-family: 'Times New Roman', serif; color: #000000; text-align: justify;\"><span lang=\"FR-BE\" style=\"font-family: Verdana, sans-serif;\">Les frais sont major\u00e9s de 21 % TVA suivant la l\u00e9gislation applicable.<\/span><\/p><p style=\"margin: 0cm; font-size: 10pt; font-family: 'Times New Roman', serif; color: #000000; text-align: justify;\"><span lang=\"FR-BE\" style=\"font-family: Verdana, sans-serif;\">\u00a0<\/span><\/p><p style=\"margin: 0cm 0cm 15pt; font-size: 12pt; background-image: initial; background-position: initial; background-size: initial; background-repeat: initial; background-attachment: initial; background-origin: initial; background-clip: initial; font-family: 'Times New Roman', serif; color: #000000; text-align: justify;\"><span lang=\"FR-BE\" style=\"font-size: 10pt; font-family: Verdana, sans-serif;\">Le Conseil de l\u2019Ordre du Barreau de Mons est par ailleurs comp\u00e9tent pour trancher les litiges qui pourraient survenir \u00e0 propos du calcul des honoraires.<\/span><span style=\"font-family: Verdana, sans-serif; font-size: 10pt;\">\u00a0 \u00a0 \u00a0 \u00a0 \u00a0 \u00a0 \u00a0 \u00a0 \u00a0 \u00a0 \u00a0 \u00a0 \u00a0 \u00a0 \u00a0 \u00a0 \u00a0 \u00a0 \u00a0 \u00a0 \u00a0 \u00a0 \u00a0 \u00a0 \u00a0 \u00a0 \u00a0 \u00a0\u00a0<\/span><\/p><p style=\"margin: 0cm; font-size: 10pt; font-family: 'Times New Roman', serif; color: #000000; text-align: justify;\"><span lang=\"FR-BE\" style=\"font-family: Verdana, sans-serif;\">\u00a0<\/span><\/p><p style=\"margin: 0cm; font-size: 10pt; font-family: 'Times New Roman', serif; color: #000000;\"><span lang=\"FR-BE\" style=\"font-family: Verdana, sans-serif;\">\u00a0<\/span><\/p>\t\t\t\t\t\t<\/div>\n\t\t\t\t<\/div>\n\t\t\t\t\t<\/div>\n\t\t<\/div>\n\t\t\t\t\t<\/div>\n\t\t<\/section>\n\t\t\t\t<\/div>\n\t\t","protected":false},"excerpt":{"rendered":"<p>Tarifs \/ Honoraires \u00a0 Conform\u00e9ment aux lois et aux divers r\u00e8glements du Barreau, nous calculons nos honoraires en optant soit [&hellip;]<\/p>\n","protected":false},"author":1,"featured_media":0,"parent":0,"menu_order":0,"comment_status":"closed","ping_status":"closed","template":"","meta":{"footnotes":""},"class_list":["post-198","page","type-page","status-publish","hentry"],"_links":{"self":[{"href":"https:\/\/avocatcolmant.be\/index.php?rest_route=\/wp\/v2\/pages\/198"}],"collection":[{"href":"https:\/\/avocatcolmant.be\/index.php?rest_route=\/wp\/v2\/pages"}],"about":[{"href":"https:\/\/avocatcolmant.be\/index.php?rest_route=\/wp\/v2\/types\/page"}],"author":[{"embeddable":true,"href":"https:\/\/avocatcolmant.be\/index.php?rest_route=\/wp\/v2\/users\/1"}],"replies":[{"embeddable":true,"href":"https:\/\/avocatcolmant.be\/index.php?rest_route=%2Fwp%2Fv2%2Fcomments&post=198"}],"version-history":[{"count":10,"href":"https:\/\/avocatcolmant.be\/index.php?rest_route=\/wp\/v2\/pages\/198\/revisions"}],"predecessor-version":[{"id":271,"href":"https:\/\/avocatcolmant.be\/index.php?rest_route=\/wp\/v2\/pages\/198\/revisions\/271"}],"wp:attachment":[{"href":"https:\/\/avocatcolmant.be\/index.php?rest_route=%2Fwp%2Fv2%2Fmedia&parent=198"}],"curies":[{"name":"wp","href":"https:\/\/api.w.org\/{rel}","templated":true}]}}